{"id":799,"date":"2018-08-30T12:29:14","date_gmt":"2018-08-30T15:29:14","guid":{"rendered":"https:\/\/santateresita-cba.infd.edu.ar\/sitio\/datos-institucionales\/"},"modified":"2021-07-26T19:56:38","modified_gmt":"2021-07-26T22:56:38","slug":"datos-institucionales","status":"publish","type":"page","link":"https:\/\/santateresita-cba.infd.edu.ar\/sitio\/datos-institucionales\/","title":{"rendered":"Datos institucionales"},"content":{"rendered":"<p><span style=\"font-family: verdana; font-size: 10pt;\"><strong><span style=\"font-size: 12pt;\">\u00a0\u00a0\u00a0 Instituto Superior de Formaci\u00f3n Docente \u00abSANTA TERESITA\u00bb &#8211; Balnearia &#8211; C\u00f3rdoba<\/span><\/strong><br \/>\n<\/span><\/p>\n<ul>\n<li><span style=\"font-family: verdana; font-size: 10pt;\"><span style=\"text-decoration: underline;\">Horarios de atenci\u00f3n<\/span>: Lunes a Viernes de 16 a 20,30 hs.<\/span><\/li>\n<li><span style=\"font-family: verdana; font-size: 10pt;\"><span style=\"text-decoration: underline;\">Direcci\u00f3n<\/span>: San Jos\u00e9 16 &#8211; Balnearia &#8211; C\u00f3rdoba<br \/>\n<\/span><\/li>\n<li><span style=\"font-family: verdana; font-size: 10pt;\"><span style=\"text-decoration: underline;\">Tel\u00e9fono Fijo<\/span>: 03563-420252<br \/>\n<\/span><\/li>\n<li><span style=\"font-family: verdana; font-size: 10pt;\"><span style=\"text-decoration: underline;\">E-mail de consultas<\/span>: colegiosantateresita@live.com.ar<\/span><\/li>\n<li><span style=\"font-family: verdana; font-size: 10pt;\"><span style=\"text-decoration: underline;\">Web<\/span>: santateresita.cba.infd.edu.ar<\/span><\/li>\n<\/ul>\n<p><span style=\"font-family: verdana; font-size: 10pt;\">Seguinos en <strong>Facebook<\/strong> (Santa Teresita Balnearia) y en <strong>Instagram<\/strong> (institutosuperiorsantateresita)<\/span><\/p>\n","protected":false},"excerpt":{"rendered":"<p>\u00a0\u00a0\u00a0 Instituto Superior de Formaci\u00f3n Docente \u00abSANTA TERESITA\u00bb &#8211; Balnearia &#8211; C\u00f3rdoba Horarios de atenci\u00f3n: Lunes a Viernes de 16 a 20,30 hs. Direcci\u00f3n: San Jos\u00e9 16 &#8211; Balnearia &#8211; C\u00f3rdoba Tel\u00e9fono Fijo: 03563-420252 E-mail de consultas: colegiosantateresita@live.com.ar Web: santateresita.cba.infd.edu.ar Seguinos en Facebook (Santa Teresita Balnearia) y en Instagram (institutosuperiorsantateresita)<\/p>\n","protected":false},"author":203,"featured_media":0,"parent":0,"menu_order":0,"comment_status":"closed","ping_status":"closed","template":"","meta":[],"acf":[],"_links":{"self":[{"href":"https:\/\/santateresita-cba.infd.edu.ar\/sitio\/wp-json\/wp\/v2\/pages\/799"}],"collection":[{"href":"https:\/\/santateresita-cba.infd.edu.ar\/sitio\/wp-json\/wp\/v2\/pages"}],"about":[{"href":"https:\/\/santateresita-cba.infd.edu.ar\/sitio\/wp-json\/wp\/v2\/types\/page"}],"author":[{"embeddable":true,"href":"https:\/\/santateresita-cba.infd.edu.ar\/sitio\/wp-json\/wp\/v2\/users\/203"}],"replies":[{"embeddable":true,"href":"https:\/\/santateresita-cba.infd.edu.ar\/sitio\/wp-json\/wp\/v2\/comments?post=799"}],"version-history":[{"count":3,"href":"https:\/\/santateresita-cba.infd.edu.ar\/sitio\/wp-json\/wp\/v2\/pages\/799\/revisions"}],"predecessor-version":[{"id":1021,"href":"https:\/\/santateresita-cba.infd.edu.ar\/sitio\/wp-json\/wp\/v2\/pages\/799\/revisions\/1021"}],"wp:attachment":[{"href":"https:\/\/santateresita-cba.infd.edu.ar\/sitio\/wp-json\/wp\/v2\/media?parent=799"}],"curies":[{"name":"wp","href":"https:\/\/api.w.org\/{rel}","templated":true}]}}