{"id":775,"date":"2018-08-30T12:29:08","date_gmt":"2018-08-30T15:29:08","guid":{"rendered":"https:\/\/santateresita-cba.infd.edu.ar\/sitio\/profesorado-de-educacion-secundaria-en-matematica\/"},"modified":"2021-11-24T16:32:02","modified_gmt":"2021-11-24T19:32:02","slug":"profesorado-de-educacion-secundaria-en-matematica","status":"publish","type":"page","link":"https:\/\/santateresita-cba.infd.edu.ar\/sitio\/profesorado-de-educacion-secundaria-en-matematica\/","title":{"rendered":"Profesorado de Educaci\u00f3n Secundaria en Matem\u00e1tica"},"content":{"rendered":"<h2><strong>A T\u00e9rmino.\u00a0<\/strong><\/h2>\n<p><span style=\"font-size: 12pt;\"><span style=\"color: #993300;\"><strong><span style=\"text-decoration: underline;\">Duraci\u00f3n<\/span>:<\/strong><\/span> 4 a\u00f1os. \u00a0 \u00a0<\/span><\/p>\n<p><span style=\"font-size: 12pt;\"><strong><span style=\"color: #993300;\"><span style=\"text-decoration: underline;\">Modalidad<\/span>:<\/span><\/strong> A t\u00e9rmino. Inici\u00f3 en 2021 y termina en 2024.\u00a0 \u00a0 \u00a0 \u00a0 \u00a0 \u00a0 \u00a0 \u00a0 \u00a0 \u00a0 \u00a0 \u00a0 \u00a0 \u00a0 \u00a0 \u00a0 \u00a0 \u00a0 \u00a0<strong>\u00a0<\/strong><\/span><\/p>\n<p><span style=\"font-size: 12pt;\"><span style=\"color: #993300;\"><strong><span style=\"text-decoration: underline;\">Forma de cursado<\/span>:<\/strong><\/span> Presencial.<\/span><\/p>\n<p><span style=\"font-size: 12pt;\"><span style=\"color: #993300;\"><strong><span style=\"text-decoration: underline;\">Plan de Estudios<\/span>:<\/strong><\/span> <strong><span style=\"color: #0000ff;\"><a href=\"https:\/\/santateresita-cba.infd.edu.ar\/sitio\/wp-content\/uploads\/2018\/08\/PLAN_DE_ESTUDIOS_PROFESORADO_DE_EDUCACION_SECUNDARIA_EN_MATEMATICA.png\"><span style=\"color: #0000ff;\">descargar<\/span><\/a><a title=\"Plan de estudios Profesorado Matem\u00e1tica\" href=\"upload\/img\/PLAN_DE_ESTUDIOS_PROFESORADO_DE_EDUCACION_SECUNDARIA_EN_MATEMATICA.png\" target=\"_blank\" rel=\"noopener\"><span style=\"color: #0000ff;\">.<\/span><\/a><\/span><\/strong><\/span><\/p>\n<p><strong><u><span style=\"font-size: 12pt;\"><span style=\"color: #993300;\"><span style=\"text-decoration: underline;\">Campo ocupacional:<\/span><\/span><\/span><\/u><\/strong><\/p>\n<p>El Profesorado de Matem\u00e1tica es una carrera de grado, con una formaci\u00f3n disciplinar y una preocupaci\u00f3n por la problem\u00e1tica de la difusi\u00f3n de los conocimientos matem\u00e1ticos en la sociedad, en particular la ense\u00f1anza y el aprendizaje de la Matem\u00e1tica en \u00e1mbitos escolares.<\/p>\n<p>La progresiva inserci\u00f3n de los estudiantes en instituciones del sistema educativo permite una vinculaci\u00f3n efectiva entre los aportes te\u00f3ricos y las pr\u00e1cticas docentes en aulas.<\/p>\n<p>El\/la Profesor\/a en Matem\u00e1tica tiene competencia para: asesorar, planificar, conducir y evaluar los procesos de ense\u00f1anza y de aprendizaje en el \u00e1rea de la Matem\u00e1tica, en todos los niveles del sistema educativo.<\/p>\n<p><strong><span style=\"text-decoration: underline; font-size: 12pt; color: #993300;\">Pedido de informaci\u00f3<\/span><span style=\"text-decoration: underline; font-size: 12pt; color: #993300;\">n:<\/span><\/strong><a href=\"https:\/\/santateresita-cba.infd.edu.ar\/sitio\/contact-form-7-id872-titlecontacto\/\"><strong> click ac\u00e1<\/strong><\/a><\/p>\n<p><span style=\"font-size: 12pt;\">\u00a0 \u00a0 \u00a0 \u00a0 \u00a0 \u00a0 \u00a0 \u00a0 \u00a0 \u00a0 \u00a0 \u00a0 \u00a0 \u00a0 \u00a0 \u00a0 \u00a0 \u00a0 \u00a0 \u00a0 \u00a0 \u00a0 \u00a0 \u00a0 \u00a0 \u00a0 \u00a0\u00a0<\/span><span class=\"fwb fcg\" style=\"text-align: center;\" data-ft=\"{\" data-mce-mark=\"1\">Seguinos en\u00a0\u00a0<\/span><span class=\"fwb fcg\" style=\"text-align: center;\" data-ft=\"{\" data-mce-mark=\"1\">\u00a0\u00a0\u00a0 \u00a0<img decoding=\"async\" loading=\"lazy\" class=\"alignnone wp-image-989\" src=\"https:\/\/santateresita-cba.infd.edu.ar\/sitio\/wp-content\/uploads\/2021\/05\/unnamed.png\" alt=\"\" width=\"120\" height=\"64\" \/>\u00a0 \u00a0 \u00a0 \u00a0 \u00a0 \u00a0 \u00a0 \u00a0 \u00a0 \u00a0 \u00a0 \u00a0 \u00a0 \u00a0\u00a0<\/span><span class=\"fwb fcg\" style=\"text-align: center;\" data-ft=\"{\" data-mce-mark=\"1\">\u00a0<a href=\"https:\/\/santateresita-cba.infd.edu.ar\/sitio\/\"><img decoding=\"async\" loading=\"lazy\" class=\"alignnone wp-image-991\" src=\"https:\/\/santateresita-cba.infd.edu.ar\/sitio\/wp-content\/uploads\/2021\/05\/Sin-t\u00edtulo.png\" alt=\"\" width=\"108\" height=\"71\" \/><\/a>\u00a0 \u00a0 \u00a0 \u00a0 \u00a0 \u00a0<\/span><\/p>\n","protected":false},"excerpt":{"rendered":"<p>A T\u00e9rmino.\u00a0 Duraci\u00f3n: 4 a\u00f1os. \u00a0 \u00a0 Modalidad: A t\u00e9rmino. Inici\u00f3 en 2021 y termina en 2024.\u00a0 \u00a0 \u00a0 \u00a0 \u00a0 \u00a0 \u00a0 \u00a0 \u00a0 \u00a0 \u00a0 \u00a0 \u00a0 \u00a0 \u00a0 \u00a0 \u00a0 \u00a0 \u00a0\u00a0 Forma de cursado: Presencial. Plan de Estudios: descargar. Campo ocupacional: El Profesorado de Matem\u00e1tica es una carrera de grado, con &#8230; <a title=\"Profesorado de Educaci\u00f3n Secundaria en Matem\u00e1tica\" class=\"read-more\" href=\"https:\/\/santateresita-cba.infd.edu.ar\/sitio\/profesorado-de-educacion-secundaria-en-matematica\/\" aria-label=\"More on Profesorado de Educaci\u00f3n Secundaria en Matem\u00e1tica\">[+]<\/a><\/p>\n","protected":false},"author":203,"featured_media":0,"parent":0,"menu_order":0,"comment_status":"closed","ping_status":"closed","template":"","meta":[],"acf":[],"_links":{"self":[{"href":"https:\/\/santateresita-cba.infd.edu.ar\/sitio\/wp-json\/wp\/v2\/pages\/775"}],"collection":[{"href":"https:\/\/santateresita-cba.infd.edu.ar\/sitio\/wp-json\/wp\/v2\/pages"}],"about":[{"href":"https:\/\/santateresita-cba.infd.edu.ar\/sitio\/wp-json\/wp\/v2\/types\/page"}],"author":[{"embeddable":true,"href":"https:\/\/santateresita-cba.infd.edu.ar\/sitio\/wp-json\/wp\/v2\/users\/203"}],"replies":[{"embeddable":true,"href":"https:\/\/santateresita-cba.infd.edu.ar\/sitio\/wp-json\/wp\/v2\/comments?post=775"}],"version-history":[{"count":22,"href":"https:\/\/santateresita-cba.infd.edu.ar\/sitio\/wp-json\/wp\/v2\/pages\/775\/revisions"}],"predecessor-version":[{"id":1109,"href":"https:\/\/santateresita-cba.infd.edu.ar\/sitio\/wp-json\/wp\/v2\/pages\/775\/revisions\/1109"}],"wp:attachment":[{"href":"https:\/\/santateresita-cba.infd.edu.ar\/sitio\/wp-json\/wp\/v2\/media?parent=775"}],"curies":[{"name":"wp","href":"https:\/\/api.w.org\/{rel}","templated":true}]}}