{"id":1022,"date":"2021-07-26T20:18:19","date_gmt":"2021-07-26T23:18:19","guid":{"rendered":"https:\/\/santateresita-cba.infd.edu.ar\/sitio\/?page_id=1022"},"modified":"2021-08-27T20:31:50","modified_gmt":"2021-08-27T23:31:50","slug":"plan-de-estudios-profesorado-de-biologia","status":"publish","type":"page","link":"https:\/\/santateresita-cba.infd.edu.ar\/sitio\/plan-de-estudios-profesorado-de-biologia\/","title":{"rendered":"Plan de Estudios &#8211; Profesorado de Educaci\u00f3n Secundaria en Biolog\u00eda"},"content":{"rendered":"\n<p><strong>PRIMER &nbsp;A\u00d1O<\/strong><\/p>\n\n\n\n<ul><li>Pedagog\u00eda<\/li><li>Problem\u00e1ticas Socioantropol\u00f3gicas en Educaci\u00f3n<\/li><li>Lenguaje Digital y Audiovisual<\/li><li>Pr\u00e1ctica Docente I: Contextos y Pr\u00e1cticas Educativas<\/li><li>Modelos Matem\u00e1ticos para las Cs. Naturales<\/li><li>Modelos F\u00edsicos para las Cs. Naturales<\/li><li>Qu\u00edmica General y Org\u00e1nica<\/li><li>Biolog\u00eda General<\/li><li>Biolog\u00eda Celular y Molecular<\/li><\/ul>\n\n\n\n<p><strong>&nbsp;&nbsp;&nbsp;&nbsp;&nbsp; SEGUNDO &nbsp;A\u00d1O<\/strong><\/p>\n\n\n\n<ul><li>Psicolog\u00eda y Educaci\u00f3n<\/li><li>Did\u00e1ctica General<\/li><li>Pr\u00e1ctica Docente II: Escuelas, Historias Documentadas y Cotidianeidad<\/li><li>Filosof\u00eda de las Ciencias <\/li><li>Trabajo Experimental en Biolog\u00eda <\/li><li>Qu\u00edmica Biol\u00f3gica<\/li><li>Biolog\u00eda Animal I<\/li><li>Biolog\u00eda de las Plantas I<\/li><li>Biolog\u00eda de los Microorganismos y Hongos<\/li><\/ul>\n\n\n\n<p><strong>&nbsp;&nbsp;&nbsp;&nbsp;&nbsp; TERCER &nbsp;A\u00d1O<\/strong><\/p>\n\n\n\n<ul><li>Historia y Pol\u00edtica de la Educaci\u00f3n Argentina<\/li><li>Pr\u00e1ctica Docente III: El Aula, Espacio del Aprender y del Ense\u00f1ar<\/li><li>Sujetos de la Educaci\u00f3n <\/li><li>Did\u00e1ctica de las Cs. Naturales<\/li><li>Historia y Epistemolog\u00eda de la Biolog\u00eda <\/li><li>Biolog\u00eda Animal II<\/li><li>Biolog\u00eda de las Plantas II<\/li><li>Ecolog\u00eda <\/li><li>Biolog\u00eda Humana <\/li><\/ul>\n\n\n\n<p><strong>&nbsp;&nbsp;&nbsp;&nbsp;&nbsp; CUARTO A\u00d1O<\/strong><\/p>\n\n\n\n<ul><li>\u00c9tica y Construcci\u00f3n de Ciudadan\u00eda<\/li><li>Pr\u00e1ctica IV y Residencia<\/li><li>Did\u00e1ctica de las Cs. Naturales: Biolog\u00eda <\/li><li>Gen\u00e9tica y Biotecnolog\u00eda<\/li><li>Historia de la Vida en la Tierra y Procesos Evolutivos<\/li><li>Educaci\u00f3n Ambiental<\/li><li>Biolog\u00eda Humana y Salud<\/li><li>Seminario<\/li><\/ul>\n\n\n\n<p><strong><a href=\"https:\/\/santateresita-cba.infd.edu.ar\/sitio\/wp-admin\/upload.php?item=715\">&nbsp;<\/a><a href=\"https:\/\/santateresita-cba.infd.edu.ar\/sitio\/wp-content\/uploads\/2018\/08\/PLAN_DE_ESTUDIOS_PROFESORADO_DE_BIOLOGIA.png\">(Copia para descargar, click aqu\u00ed)<\/a><\/strong><\/p>\n","protected":false},"excerpt":{"rendered":"<p>PRIMER &nbsp;A\u00d1O Pedagog\u00eda Problem\u00e1ticas Socioantropol\u00f3gicas en Educaci\u00f3n Lenguaje Digital y Audiovisual Pr\u00e1ctica Docente I: Contextos y Pr\u00e1cticas Educativas Modelos Matem\u00e1ticos para las Cs. Naturales Modelos F\u00edsicos para las Cs. Naturales Qu\u00edmica General y Org\u00e1nica Biolog\u00eda General Biolog\u00eda Celular y Molecular &nbsp;&nbsp;&nbsp;&nbsp;&nbsp; SEGUNDO &nbsp;A\u00d1O Psicolog\u00eda y Educaci\u00f3n Did\u00e1ctica General Pr\u00e1ctica Docente II: Escuelas, Historias Documentadas y &#8230; <a title=\"Plan de Estudios &#8211; Profesorado de Educaci\u00f3n Secundaria en Biolog\u00eda\" class=\"read-more\" href=\"https:\/\/santateresita-cba.infd.edu.ar\/sitio\/plan-de-estudios-profesorado-de-biologia\/\" aria-label=\"More on Plan de Estudios &#8211; Profesorado de Educaci\u00f3n Secundaria en Biolog\u00eda\">[+]<\/a><\/p>\n","protected":false},"author":7,"featured_media":0,"parent":0,"menu_order":0,"comment_status":"closed","ping_status":"closed","template":"","meta":[],"acf":[],"_links":{"self":[{"href":"https:\/\/santateresita-cba.infd.edu.ar\/sitio\/wp-json\/wp\/v2\/pages\/1022"}],"collection":[{"href":"https:\/\/santateresita-cba.infd.edu.ar\/sitio\/wp-json\/wp\/v2\/pages"}],"about":[{"href":"https:\/\/santateresita-cba.infd.edu.ar\/sitio\/wp-json\/wp\/v2\/types\/page"}],"author":[{"embeddable":true,"href":"https:\/\/santateresita-cba.infd.edu.ar\/sitio\/wp-json\/wp\/v2\/users\/7"}],"replies":[{"embeddable":true,"href":"https:\/\/santateresita-cba.infd.edu.ar\/sitio\/wp-json\/wp\/v2\/comments?post=1022"}],"version-history":[{"count":6,"href":"https:\/\/santateresita-cba.infd.edu.ar\/sitio\/wp-json\/wp\/v2\/pages\/1022\/revisions"}],"predecessor-version":[{"id":1092,"href":"https:\/\/santateresita-cba.infd.edu.ar\/sitio\/wp-json\/wp\/v2\/pages\/1022\/revisions\/1092"}],"wp:attachment":[{"href":"https:\/\/santateresita-cba.infd.edu.ar\/sitio\/wp-json\/wp\/v2\/media?parent=1022"}],"curies":[{"name":"wp","href":"https:\/\/api.w.org\/{rel}","templated":true}]}}